59
What is the highest common divisor of 46836 and 180?
36
Calculate the greatest common divisor of 233360 and 48.
16
What is the greatest common divisor of 7 and 3014242?
7
What is the highest common factor of 4850464 and 656?
656
Calculate the greatest common divisor of 5940 and 8940.
60
What is the greatest common divisor of 437 and 63479?
19
What is the highest common factor of 101636 and 8?
4
What is the highest common factor of 23672 and 2816?
88
Calculate the greatest common divisor of 917 and 16244.
131
What is the highest common divisor of 196101 and 18?
9
What is the greatest common divisor of 296 and 56018?
74
What is the greatest common factor of 10129 and 77?
7
What is the highest common factor of 18048 and 144?
48
Calculate the greatest common factor of 54 and 78804.
18
What is the highest common factor of 204210 and 135?
45
What is the highest common divisor of 160395 and 34?
17
Calculate the greatest common factor of 80 and 137530.
10
What is the greatest common divisor of 236 and 31804?
4
What is the highest common factor of 323929 and 454?
227
What is the highest common divisor of 420 and 3108?
84
What is the highest common factor of 2292 and 3792?
12
What is the greatest common divisor of 72280 and 13260?
260
Calculate the highest common divisor of 56424 and 4632.
24
Calculate the highest common factor of 2800 and 100940.
140
Calculate the highest common divisor of 544 and 7520.
32
What is the greatest common divisor of 130 and 2740?
10
Calculate the highest common divisor of 396 and 59202.
198
Calculate the highest common factor of 1100 and 5313.
11
What is the highest common factor of 16 and 9392?
16
What is the greatest common factor of 1 and 257797?
1
What is the highest common factor of 2585 and 470?
235
Calculate the highest common factor of 39 and 107731.
13
What is the greatest common factor of 14185 and 40?
5
Calculate the highest common divisor of 486987 and 1626.
813
What is the highest common factor of 76881 and 6615?
147
What is the highest common divisor of 345644 and 115?
23
What is the greatest common factor of 79948 and 1012?
1012
Calculate the greatest common factor of 12704 and 200.
8
What is the highest common divisor of 5010 and 6950540?
1670
What is the greatest common factor of 96 and 1336344?
24
Calculate the greatest common divisor of 363 and 87967.
121
What is the greatest common divisor of 3941 and 389596?
563
Calculate the highest common divisor of 334 and 1.
1
What is the greatest common divisor of 90 and 565884?
18
Calculate the greatest common factor of 2600 and 1725.
25
Calculate the highest common factor of 991575 and 6075.
675
Calculate the highest common factor of 296 and 174381.
37
Calculate the highest common divisor of 383 and 6461976.
383
Calculate the highest common divisor of 11210 and 96760.
590
Calculate the greatest common factor of 2033 and 2204.
19
Calculate the greatest common divisor of 6141985 and 5.
5
What is the highest common divisor of 171 and 5111?
19
What is the highest common divisor of 313 and 14269357?
313
Calculate the highest common divisor of 5392 and 169174.
674
Calculate the highest common divisor of 3220 and 40.
20
What is the highest common factor of 12 and 854508?
12
Calculate the highest common factor of 1000 and 309800.
200
Calculate the highest common factor of 22242228 and 12.
12
What is the highest common divisor of 206 and 9567258?
206
Calculate the highest common divisor of 4264 and 3.
1
Calculate the highest common factor of 4 and 69420.
4
What is the greatest common divisor of 42 and 6294?
6
What is the highest common divisor of 14304 and 3427?
149
Calculate the highest common divisor of 1572844 and 8932.
812
Calculate the greatest common divisor of 535 and 38627.
107
Calculate the greatest common factor of 64 and 47168.
64
Calculate the highest common divisor of 67670 and 10385.
335
Calculate the greatest common divisor of 7407815 and 95.
95
What is the greatest common divisor of 138 and 258566?
46
What is the highest common factor of 35960 and 6975?
155
What is the greatest common factor of 4618302 and 26?
26
What is the highest common divisor of 1491174 and 666?
666
What is the greatest common factor of 37828 and 196?
196
What is the greatest common divisor of 299 and 9113?
13
Calculate the highest common factor of 775364 and 4.
4
What is the greatest common factor of 14 and 43477?
7
What is the highest common factor of 56 and 121744?
56
Calculate the greatest common divisor of 106 and 2638.
2
What is the greatest common factor of 299 and 11362?
299
Calculate the highest common factor of 88 and 5203.
11
Calculate the greatest common factor of 23661 and 22466.
239
Calculate the greatest common divisor of 75 and 858885.
15
Calculate the highest common divisor of 14175 and 30456.
81
What is the highest common factor of 58 and 284722?
58
What is the highest common divisor of 4 and 44338?
2
What is the greatest common factor of 45894 and 12?
6
What is the greatest common divisor of 3728 and 208?
16
What is the greatest common divisor of 9 and 51876?
9
Calculate the highest common factor of 970 and 310.
10
What is the greatest common divisor of 62 and 140182?
62
Calculate the greatest common factor of 2674175 and 259.
259
What is the highest common divisor of 81 and 3421?
1
What is the greatest common divisor of 20 and 194?
2
Calculate the highest common factor of 1215 and 960.
15
What is the highest common factor of 178664 and 2?
2
What is the highest common factor of 183334 and 62?
62
Calculate the highest common factor of 6 and 68497.
1
What is the highest common factor of 312 and 3939?
39
What is the greatest common factor of 350 and 14575?
25
What is the greatest common factor of 3846 and 456?
6
Calculate the greatest common divisor of 1108718 and 52.
26
Calculate the greatest common divisor of 505974 and 66.
6
Calculate the highest common factor of 1247 and 24331.
29
Calculate the highest common factor of 1814 and 16159112.
1814
What is the highest common divisor of 235 and 15115?
5
Calculate the highest common factor of 291392 and 157.
157
Calculate the highest common divisor of 287 and 16113.
41
Calculate the highest common factor of 826 and 5022906.
826
Calculate the greatest common factor of 60 and 2580.
60
What is the highest common factor of 32721 and 117?
39
Calculate the highest common divisor of 17280 and 38340.
540
What is the highest common divisor of 360 and 23670?
90
Calculate the greatest common factor of 33747 and 912776.
1607
Calculate the highest common divisor of 778 and 724707.
389
Calculate the highest common factor of 2079 and 10311.
21
What is the highest common divisor of 789994 and 166?
166
Calculate the greatest common divisor of 489 and 10595.
163
What is the greatest common factor of 23744 and 2912?
224
What is the greatest common divisor of 42 and 208866?
42
Calculate the greatest common divisor of 158465 and 10.
5
What is the greatest common factor of 18837 and 189?
63
What is the greatest common divisor of 388 and 25802?
194
Calculate the greatest common factor of 38722 and 76.
38
Calculate the highest common factor of 1735 and 7465.
5
Calculate the greatest common factor of 1820 and 416624.
52
What is the highest common factor of 204 and 55092?
12
Calculate the greatest common factor of 624 and 85072.
208
What is the highest common divisor of 7769 and 11425?
457
Calculate the greatest common divisor of 19926 and 144.
18
What is the highest common divisor of 44177 and 511?
7
What is the greatest common factor of 486 and 189?
27
What is the greatest common divisor of 2046 and 496?
62
What is the highest common divisor of 3968 and 29824?
128
Calculate the greatest common divisor of 2567 and 28086.
151
Calculate the highest common divisor of 935 and 270.
5
Calculate the greatest common divisor of 38 and 42674.
38
Calculate the greatest common factor of 55 and 406615.
55
Calculate the greatest common factor of 580 and 462260.
580
What is the highest common divisor of 63 and 1115919?
63
What is the highest common factor of 5136 and 162?
6
Calculate the greatest common factor of 182 and 54509.
91
Calculate the greatest common divisor of 248846 and 1326.
442
What is the highest common divisor of 150 and 560575?
25
Calcul